{"id":7686,"date":"2020-07-07T10:19:57","date_gmt":"2020-07-07T10:19:57","guid":{"rendered":"https:\/\/www.lifewolfalps.eu\/azioni\/d\/d1\/"},"modified":"2023-11-29T10:33:59","modified_gmt":"2023-11-29T10:33:59","slug":"d1","status":"publish","type":"page","link":"https:\/\/www.lifewolfalps.eu\/fr\/actions\/d\/d1\/","title":{"rendered":"D.1"},"content":{"rendered":"\n<h4 class=\"wp-block-heading\"><strong><strong>\u00c9valuation des attitudes et des perceptions du loup au sein du grand public et des diff\u00e9rents groupes d&rsquo;acteurs locaux<\/strong><\/strong><\/h4>\n\n\n\n<p class=\"wp-block-paragraph\">Dans le cadre de cette action, nous \u00e9valuerons les perceptions \u00e0 l&rsquo;\u00e9gard de la conservation du loup dans toute la zone du projet, en mettant l&rsquo;accent, en particulier, sur les attitudes exprim\u00e9es par les principaux groupes d&rsquo;int\u00e9r\u00eat identifi\u00e9s comme \u00e9tant d&rsquo;une importance fondamentale pour la conservation du loup (chasseurs et \u00e9leveurs), ainsi que par d&rsquo;autres groupes d&rsquo;int\u00e9r\u00eats sp\u00e9cifiques et pertinents (professionnels du tourisme, enseignants, etc.).<\/p>\n\n\n\n<p class=\"wp-block-paragraph\">Nous  avons r\u00e9alis\u00e9 une premi\u00e8re \u00e9valuation au d\u00e9but du projet (action D1.1) et une \u00e0 la fin du projet (action D1.2), dans le but de comparer les r\u00e9sultats et de mieux comprendre l&rsquo;\u00e9volution des attitudes envers le loup.<\/p>\n\n\n\n<p class=\"wp-block-paragraph\"><strong>La synth\u00e8se de la premi\u00e8re phase de l&rsquo;enqu\u00eate est disponible <a href=\"https:\/\/www.lifewolfalps.eu\/wp-content\/uploads\/2023\/11\/Bilan-enquete-LIFE-WOLFALPS-EU_vf.pdf\" target=\"_blank\" aria-label=\"ici (opens in a new tab)\" rel=\"noreferrer noopener\" class=\"rank-math-link\">ici<\/a>.<\/strong><\/p>\n\n\n\n<p class=\"wp-block-paragraph\"><\/p>\n","protected":false},"excerpt":{"rendered":"<p>\u00c9valuation des attitudes et des perceptions du loup au sein du grand public et des diff\u00e9rents groupes d&rsquo;acteurs locaux Dans le cadre de cette action, nous \u00e9valuerons les perceptions \u00e0 l&rsquo;\u00e9gard de la conservation du loup dans toute la zone du projet, en mettant l&rsquo;accent, en particulier, sur les attitudes exprim\u00e9es par les principaux groupes [&hellip;]<\/p>\n","protected":false},"author":1,"featured_media":0,"parent":3383,"menu_order":0,"comment_status":"closed","ping_status":"closed","template":"page-templates\/activity-child.php","meta":{"_acf_changed":false,"footnotes":""},"class_list":["post-7686","page","type-page","status-publish","hentry"],"acf":[],"_links":{"self":[{"href":"https:\/\/www.lifewolfalps.eu\/fr\/wp-json\/wp\/v2\/pages\/7686","targetHints":{"allow":["GET"]}}],"collection":[{"href":"https:\/\/www.lifewolfalps.eu\/fr\/wp-json\/wp\/v2\/pages"}],"about":[{"href":"https:\/\/www.lifewolfalps.eu\/fr\/wp-json\/wp\/v2\/types\/page"}],"author":[{"embeddable":true,"href":"https:\/\/www.lifewolfalps.eu\/fr\/wp-json\/wp\/v2\/users\/1"}],"replies":[{"embeddable":true,"href":"https:\/\/www.lifewolfalps.eu\/fr\/wp-json\/wp\/v2\/comments?post=7686"}],"version-history":[{"count":4,"href":"https:\/\/www.lifewolfalps.eu\/fr\/wp-json\/wp\/v2\/pages\/7686\/revisions"}],"predecessor-version":[{"id":25232,"href":"https:\/\/www.lifewolfalps.eu\/fr\/wp-json\/wp\/v2\/pages\/7686\/revisions\/25232"}],"up":[{"embeddable":true,"href":"https:\/\/www.lifewolfalps.eu\/fr\/wp-json\/wp\/v2\/pages\/3383"}],"wp:attachment":[{"href":"https:\/\/www.lifewolfalps.eu\/fr\/wp-json\/wp\/v2\/media?parent=7686"}],"curies":[{"name":"wp","href":"https:\/\/api.w.org\/{rel}","templated":true}]}}

<h4 class="wp-block-heading"><strong><strong>Évaluation des attitudes et des perceptions du loup au sein du grand public et des différents groupes d&rsquo;acteurs locaux</strong></strong></h4>



<p class="wp-block-paragraph">Dans le cadre de cette action, nous évaluerons les perceptions à l&rsquo;égard de la conservation du loup dans toute la zone du projet, en mettant l&rsquo;accent, en particulier, sur les attitudes exprimées par les principaux groupes d&rsquo;intérêt identifiés comme étant d&rsquo;une importance fondamentale pour la conservation du loup (chasseurs et éleveurs), ainsi que par d&rsquo;autres groupes d&rsquo;intérêts spécifiques et pertinents (professionnels du tourisme, enseignants, etc.).</p>



<p class="wp-block-paragraph">Nous  avons réalisé une première évaluation au début du projet (action D1.1) et une à la fin du projet (action D1.2), dans le but de comparer les résultats et de mieux comprendre l&rsquo;évolution des attitudes envers le loup.</p>



<p class="wp-block-paragraph"><strong>La synthèse de la première phase de l&rsquo;enquête est disponible <a href="https://www.lifewolfalps.eu/wp-content/uploads/2023/11/Bilan-enquete-LIFE-WOLFALPS-EU_vf.pdf" target="_blank" aria-label="ici (opens in a new tab)" rel="noreferrer noopener" class="rank-math-link">ici</a>.</strong></p>



<p class="wp-block-paragraph"></p>

<p>Évaluation des attitudes et des perceptions du loup au sein du grand public et des différents groupes d&rsquo;acteurs locaux Dans le cadre de cette action, nous évaluerons les perceptions à l&rsquo;égard de la conservation du loup dans toute la zone du projet, en mettant l&rsquo;accent, en particulier, sur les attitudes exprimées par les principaux groupes [&hellip;]</p>
