{"id":7264,"date":"2020-07-15T12:54:09","date_gmt":"2020-07-15T12:54:09","guid":{"rendered":"https:\/\/www.lifewolfalps.eu\/le-aree-di-progetto\/alpi-francesi\/"},"modified":"2020-12-09T15:34:21","modified_gmt":"2020-12-09T15:34:21","slug":"laire-du-projet-des-alpes-francaises","status":"publish","type":"page","link":"https:\/\/www.lifewolfalps.eu\/fr\/les-aires-du-projet\/laire-du-projet-des-alpes-francaises\/","title":{"rendered":"Aire du projet des Alpes fran\u00e7aises"},"content":{"rendered":"\n<p class=\"wp-block-paragraph\">En France, le projet LIFE WOLFALPS EU intervient sur <strong>toutes les Alpes<\/strong>. Cette zone se situe au sud-est du pays, limitrophe de l\u2019Italie et de la Suisse, et couvre une superficie d\u2019un peu plus de 4 151 000 ha. Les Alpes fran\u00e7aises comprennent deux r\u00e9gions administratives : l\u2019Auvergne-Rh\u00f4ne-Alpes (AURA) au nord et la Provence-Alpes-C\u00f4te d\u2019Azur (PACA) au sud. \u00c0 une \u00e9chelle administrative encore plus fine, elle concerne <strong>huit d\u00e9partements<\/strong> : la Dr\u00f4me, l\u2019Is\u00e8re, la Haute-Savoie et la Savoie en AURA ; les Alpes-de-Haute-Provence, les Alpes-Maritimes, les Hautes-Alpes et la Vaucluse en r\u00e9gion PACA. L\u2019aire du projet comprend des grandes cha\u00eenes montagneuses comme le<strong> Mercantour<\/strong> \u00e0 l\u2019est et les <strong>Ecrins<\/strong> au nord, ainsi que des massifs moins \u00e9tendus comme le <strong>D\u00e9voluy,<\/strong> le <strong>Queyras<\/strong> et le <strong>Cerces.<\/strong> Enfin, la zone est caract\u00e9ris\u00e9e par un gradient allant du climat continental et alpin au nord au climat m\u00e9diterran\u00e9en au sud.&nbsp;<\/p>\n","protected":false},"excerpt":{"rendered":"<p>En France, le projet LIFE WOLFALPS EU intervient sur toutes les Alpes. Cette zone se situe au sud-est du pays, limitrophe de l\u2019Italie et de la Suisse, et couvre une superficie d\u2019un peu plus de 4 151 000 ha. Les Alpes fran\u00e7aises comprennent deux r\u00e9gions administratives : l\u2019Auvergne-Rh\u00f4ne-Alpes (AURA) au nord et la Provence-Alpes-C\u00f4te d\u2019Azur [&hellip;]<\/p>\n","protected":false},"author":1,"featured_media":2050,"parent":4059,"menu_order":0,"comment_status":"closed","ping_status":"closed","template":"page-templates\/aree-progetto-child.php","meta":{"_acf_changed":false,"footnotes":""},"class_list":["post-7264","page","type-page","status-publish","has-post-thumbnail","hentry"],"acf":[],"_links":{"self":[{"href":"https:\/\/www.lifewolfalps.eu\/fr\/wp-json\/wp\/v2\/pages\/7264","targetHints":{"allow":["GET"]}}],"collection":[{"href":"https:\/\/www.lifewolfalps.eu\/fr\/wp-json\/wp\/v2\/pages"}],"about":[{"href":"https:\/\/www.lifewolfalps.eu\/fr\/wp-json\/wp\/v2\/types\/page"}],"author":[{"embeddable":true,"href":"https:\/\/www.lifewolfalps.eu\/fr\/wp-json\/wp\/v2\/users\/1"}],"replies":[{"embeddable":true,"href":"https:\/\/www.lifewolfalps.eu\/fr\/wp-json\/wp\/v2\/comments?post=7264"}],"version-history":[{"count":4,"href":"https:\/\/www.lifewolfalps.eu\/fr\/wp-json\/wp\/v2\/pages\/7264\/revisions"}],"predecessor-version":[{"id":7270,"href":"https:\/\/www.lifewolfalps.eu\/fr\/wp-json\/wp\/v2\/pages\/7264\/revisions\/7270"}],"up":[{"embeddable":true,"href":"https:\/\/www.lifewolfalps.eu\/fr\/wp-json\/wp\/v2\/pages\/4059"}],"wp:featuredmedia":[{"embeddable":true,"href":"https:\/\/www.lifewolfalps.eu\/fr\/wp-json\/wp\/v2\/media\/2050"}],"wp:attachment":[{"href":"https:\/\/www.lifewolfalps.eu\/fr\/wp-json\/wp\/v2\/media?parent=7264"}],"curies":[{"name":"wp","href":"https:\/\/api.w.org\/{rel}","templated":true}]}}

Aire du projet des Alpes françaises

<p class="wp-block-paragraph">En France, le projet LIFE WOLFALPS EU intervient sur <strong>toutes les Alpes</strong>. Cette zone se situe au sud-est du pays, limitrophe de l’Italie et de la Suisse, et couvre une superficie d’un peu plus de 4 151 000 ha. Les Alpes françaises comprennent deux régions administratives : l’Auvergne-Rhône-Alpes (AURA) au nord et la Provence-Alpes-Côte d’Azur (PACA) au sud. À une échelle administrative encore plus fine, elle concerne <strong>huit départements</strong> : la Drôme, l’Isère, la Haute-Savoie et la Savoie en AURA ; les Alpes-de-Haute-Provence, les Alpes-Maritimes, les Hautes-Alpes et la Vaucluse en région PACA. L’aire du projet comprend des grandes chaînes montagneuses comme le<strong> Mercantour</strong> à l’est et les <strong>Ecrins</strong> au nord, ainsi que des massifs moins étendus comme le <strong>Dévoluy,</strong> le <strong>Queyras</strong> et le <strong>Cerces.</strong> Enfin, la zone est caractérisée par un gradient allant du climat continental et alpin au nord au climat méditerranéen au sud.&nbsp;</p>

<p>En France, le projet LIFE WOLFALPS EU intervient sur toutes les Alpes. Cette zone se situe au sud-est du pays, limitrophe de l’Italie et de la Suisse, et couvre une superficie d’un peu plus de 4 151 000 ha. Les Alpes françaises comprennent deux régions administratives : l’Auvergne-Rhône-Alpes (AURA) au nord et la Provence-Alpes-Côte d’Azur [&hellip;]</p>
