{"id":7260,"date":"2020-07-15T12:53:06","date_gmt":"2020-07-15T12:53:06","guid":{"rendered":"https:\/\/www.lifewolfalps.eu\/le-aree-di-progetto\/laire-du-projet-des-regions-alpines-italiennes\/"},"modified":"2020-12-09T15:34:03","modified_gmt":"2020-12-09T15:34:03","slug":"aire-du-projet-des-regions-alpines-italiennes","status":"publish","type":"page","link":"https:\/\/www.lifewolfalps.eu\/fr\/les-aires-du-projet\/aire-du-projet-des-regions-alpines-italiennes\/","title":{"rendered":"Aire du projet des r\u00e9gions alpines italiennes"},"content":{"rendered":"\n<p class=\"wp-block-paragraph\">L\u2019aire du projet couvre la totalit\u00e9 du territoire alpin italien: une vaste zone d\u2019environ&nbsp; <strong>1,200 kilom\u00e8tres de long<\/strong>, avec une superficie d\u2019environ&nbsp; <strong>51 941 km\u00b2<\/strong>, soit environ <strong>27% de la superficie totale des Alpes<\/strong>. Le projet s\u2019\u00e9tend dans les limites de sept r\u00e9gions, dont la composante montagne varie de 100% de la vall\u00e9e d\u2019Aoste \u00e0 29% de la V\u00e9n\u00e9tie. En outre, dans la partie occidentale de la zone, compte tenu de l&rsquo;expansion r\u00e9cente de l&rsquo;esp\u00e8ce \u00e9galement dans les collines et les plaines, le projet couvre l&rsquo;<strong>ensemble du territoire r\u00e9gional liguro-pi\u00e9montais<\/strong>.<\/p>\n","protected":false},"excerpt":{"rendered":"<p>L\u2019aire du projet couvre la totalit\u00e9 du territoire alpin italien: une vaste zone d\u2019environ&nbsp; 1,200 kilom\u00e8tres de long, avec une superficie d\u2019environ&nbsp; 51 941 km\u00b2, soit environ 27% de la superficie totale des Alpes. Le projet s\u2019\u00e9tend dans les limites de sept r\u00e9gions, dont la composante montagne varie de 100% de la vall\u00e9e d\u2019Aoste \u00e0 [&hellip;]<\/p>\n","protected":false},"author":1,"featured_media":2033,"parent":4059,"menu_order":0,"comment_status":"closed","ping_status":"closed","template":"page-templates\/aree-progetto-child.php","meta":{"_acf_changed":false,"footnotes":""},"class_list":["post-7260","page","type-page","status-publish","has-post-thumbnail","hentry"],"acf":[],"_links":{"self":[{"href":"https:\/\/www.lifewolfalps.eu\/fr\/wp-json\/wp\/v2\/pages\/7260","targetHints":{"allow":["GET"]}}],"collection":[{"href":"https:\/\/www.lifewolfalps.eu\/fr\/wp-json\/wp\/v2\/pages"}],"about":[{"href":"https:\/\/www.lifewolfalps.eu\/fr\/wp-json\/wp\/v2\/types\/page"}],"author":[{"embeddable":true,"href":"https:\/\/www.lifewolfalps.eu\/fr\/wp-json\/wp\/v2\/users\/1"}],"replies":[{"embeddable":true,"href":"https:\/\/www.lifewolfalps.eu\/fr\/wp-json\/wp\/v2\/comments?post=7260"}],"version-history":[{"count":2,"href":"https:\/\/www.lifewolfalps.eu\/fr\/wp-json\/wp\/v2\/pages\/7260\/revisions"}],"predecessor-version":[{"id":7269,"href":"https:\/\/www.lifewolfalps.eu\/fr\/wp-json\/wp\/v2\/pages\/7260\/revisions\/7269"}],"up":[{"embeddable":true,"href":"https:\/\/www.lifewolfalps.eu\/fr\/wp-json\/wp\/v2\/pages\/4059"}],"wp:featuredmedia":[{"embeddable":true,"href":"https:\/\/www.lifewolfalps.eu\/fr\/wp-json\/wp\/v2\/media\/2033"}],"wp:attachment":[{"href":"https:\/\/www.lifewolfalps.eu\/fr\/wp-json\/wp\/v2\/media?parent=7260"}],"curies":[{"name":"wp","href":"https:\/\/api.w.org\/{rel}","templated":true}]}}

Aire du projet des régions alpines italiennes

<p class="wp-block-paragraph">L’aire du projet couvre la totalité du territoire alpin italien: une vaste zone d’environ&nbsp; <strong>1,200 kilomètres de long</strong>, avec une superficie d’environ&nbsp; <strong>51 941 km²</strong>, soit environ <strong>27% de la superficie totale des Alpes</strong>. Le projet s’étend dans les limites de sept régions, dont la composante montagne varie de 100% de la vallée d’Aoste à 29% de la Vénétie. En outre, dans la partie occidentale de la zone, compte tenu de l&rsquo;expansion récente de l&rsquo;espèce également dans les collines et les plaines, le projet couvre l&rsquo;<strong>ensemble du territoire régional liguro-piémontais</strong>.</p>

<p>L’aire du projet couvre la totalité du territoire alpin italien: une vaste zone d’environ&nbsp; 1,200 kilomètres de long, avec une superficie d’environ&nbsp; 51 941 km², soit environ 27% de la superficie totale des Alpes. Le projet s’étend dans les limites de sept régions, dont la composante montagne varie de 100% de la vallée d’Aoste à [&hellip;]</p>
