{"id":19779,"date":"2022-11-11T09:17:07","date_gmt":"2022-11-11T09:17:07","guid":{"rendered":"https:\/\/www.lifewolfalps.eu\/?page_id=19779"},"modified":"2022-11-11T09:17:08","modified_gmt":"2022-11-11T09:17:08","slug":"ausstellung-mit-den-augen-des-wolfs","status":"publish","type":"page","link":"https:\/\/www.lifewolfalps.eu\/de\/ausstellung-mit-den-augen-des-wolfs\/","title":{"rendered":"Ausstellung: Mit den Augen des Wolfs"},"content":{"rendered":"\n<p class=\"has-text-align-left has-text-color has-large-font-size wp-block-paragraph\" style=\"color:#0aa399\"><em><em>Eintauchen in die Welt des Wolfes um Koexistenz zu leben<\/em><\/em><\/p>\n\n\n\n<p class=\"wp-block-paragraph\" style=\"font-size:22px\">&#8222;Mit den Augen des Wolfes&#8220; ist eine immersive Ausstellung, die uns dank Video- und Audioeffekten einen Tag in den Alpen aus der Sicht eines jungen Wolfes erleben l\u00e4sst, der auf der Suche nach einem Territorium und einer Partnerin ist, mit der er ein neues Rudel gr\u00fcnden kann.<\/p>\n\n\n\n<p class=\"wp-block-paragraph\" style=\"font-size:22px\"><\/p>\n\n\n\n<figure class=\"wp-block-image size-large is-resized\"><img loading=\"lazy\" decoding=\"async\" src=\"https:\/\/www.lifewolfalps.eu\/wp-content\/uploads\/2022\/10\/1080x320-1024x303.jpg\" alt=\"\" class=\"wp-image-19178\" width=\"892\" height=\"263\" title=\"\" srcset=\"https:\/\/www.lifewolfalps.eu\/wp-content\/uploads\/2022\/10\/1080x320-1024x303.jpg 1024w, https:\/\/www.lifewolfalps.eu\/wp-content\/uploads\/2022\/10\/1080x320-300x89.jpg 300w, https:\/\/www.lifewolfalps.eu\/wp-content\/uploads\/2022\/10\/1080x320-640x190.jpg 640w, https:\/\/www.lifewolfalps.eu\/wp-content\/uploads\/2022\/10\/1080x320.jpg 1080w\" sizes=\"auto, (max-width: 639px) 98vw, (max-width: 1199px) 64vw, 770px\" \/><\/figure>\n\n\n\n<p class=\"wp-block-paragraph\" style=\"font-size:22px\"><strong>Dank immersiver Technologie und eines sensorischen Ansatzes <\/strong>k\u00f6nnen Besucher:innen der Ausstellung in die Welt des jungen Wolfes eintauchen. Es geht in die Berge, durch den Wald, B\u00e4che und Wiesen, durch D\u00f6rfer und \u00fcber Stra\u00dfen &#8211; die Welt aus der Sicht des Wolfes.<\/p>\n\n\n\n<figure class=\"wp-block-image size-large is-resized\"><img loading=\"lazy\" decoding=\"async\" src=\"https:\/\/www.lifewolfalps.eu\/wp-content\/uploads\/2022\/10\/Export_319_BoscoPreLupo-03735-1024x115.png\" alt=\"\" class=\"wp-image-19183\" width=\"890\" height=\"99\" title=\"\" srcset=\"https:\/\/www.lifewolfalps.eu\/wp-content\/uploads\/2022\/10\/Export_319_BoscoPreLupo-03735-1024x115.png 1024w, https:\/\/www.lifewolfalps.eu\/wp-content\/uploads\/2022\/10\/Export_319_BoscoPreLupo-03735-300x34.png 300w, https:\/\/www.lifewolfalps.eu\/wp-content\/uploads\/2022\/10\/Export_319_BoscoPreLupo-03735-768x86.png 768w, https:\/\/www.lifewolfalps.eu\/wp-content\/uploads\/2022\/10\/Export_319_BoscoPreLupo-03735-1536x173.png 1536w, https:\/\/www.lifewolfalps.eu\/wp-content\/uploads\/2022\/10\/Export_319_BoscoPreLupo-03735-2048x230.png 2048w, https:\/\/www.lifewolfalps.eu\/wp-content\/uploads\/2022\/10\/Export_319_BoscoPreLupo-03735-640x72.png 640w, https:\/\/www.lifewolfalps.eu\/wp-content\/uploads\/2022\/10\/Export_319_BoscoPreLupo-03735-1200x135.png 1200w, https:\/\/www.lifewolfalps.eu\/wp-content\/uploads\/2022\/10\/Export_319_BoscoPreLupo-03735-1920x216.png 1920w\" sizes=\"auto, (max-width: 639px) 98vw, (max-width: 1199px) 64vw, 770px\" \/><\/figure>\n\n\n\n<figure class=\"wp-block-image size-large\"><img loading=\"lazy\" decoding=\"async\" width=\"1024\" height=\"115\" src=\"https:\/\/www.lifewolfalps.eu\/wp-content\/uploads\/2022\/10\/Export_158_BeveFiume-00462-1024x115.png\" alt=\"\" class=\"wp-image-19193\" title=\"\" srcset=\"https:\/\/www.lifewolfalps.eu\/wp-content\/uploads\/2022\/10\/Export_158_BeveFiume-00462-1024x115.png 1024w, https:\/\/www.lifewolfalps.eu\/wp-content\/uploads\/2022\/10\/Export_158_BeveFiume-00462-300x34.png 300w, https:\/\/www.lifewolfalps.eu\/wp-content\/uploads\/2022\/10\/Export_158_BeveFiume-00462-768x86.png 768w, https:\/\/www.lifewolfalps.eu\/wp-content\/uploads\/2022\/10\/Export_158_BeveFiume-00462-1536x173.png 1536w, https:\/\/www.lifewolfalps.eu\/wp-content\/uploads\/2022\/10\/Export_158_BeveFiume-00462-2048x230.png 2048w, https:\/\/www.lifewolfalps.eu\/wp-content\/uploads\/2022\/10\/Export_158_BeveFiume-00462-640x72.png 640w, https:\/\/www.lifewolfalps.eu\/wp-content\/uploads\/2022\/10\/Export_158_BeveFiume-00462-1200x135.png 1200w, https:\/\/www.lifewolfalps.eu\/wp-content\/uploads\/2022\/10\/Export_158_BeveFiume-00462-1920x216.png 1920w\" sizes=\"auto, (max-width: 639px) 98vw, (max-width: 1199px) 64vw, 770px\" \/><\/figure>\n\n\n\n<figure class=\"wp-block-image size-large is-resized\"><img loading=\"lazy\" decoding=\"async\" src=\"https:\/\/www.lifewolfalps.eu\/wp-content\/uploads\/2022\/10\/Export_602_Muse-1024x115.png\" alt=\"\" class=\"wp-image-19200\" width=\"892\" height=\"100\" title=\"\" srcset=\"https:\/\/www.lifewolfalps.eu\/wp-content\/uploads\/2022\/10\/Export_602_Muse-1024x115.png 1024w, https:\/\/www.lifewolfalps.eu\/wp-content\/uploads\/2022\/10\/Export_602_Muse-300x34.png 300w, https:\/\/www.lifewolfalps.eu\/wp-content\/uploads\/2022\/10\/Export_602_Muse-768x86.png 768w, https:\/\/www.lifewolfalps.eu\/wp-content\/uploads\/2022\/10\/Export_602_Muse-1536x173.png 1536w, https:\/\/www.lifewolfalps.eu\/wp-content\/uploads\/2022\/10\/Export_602_Muse-2048x230.png 2048w, https:\/\/www.lifewolfalps.eu\/wp-content\/uploads\/2022\/10\/Export_602_Muse-640x72.png 640w, https:\/\/www.lifewolfalps.eu\/wp-content\/uploads\/2022\/10\/Export_602_Muse-1200x135.png 1200w, https:\/\/www.lifewolfalps.eu\/wp-content\/uploads\/2022\/10\/Export_602_Muse-1920x216.png 1920w\" sizes=\"auto, (max-width: 639px) 98vw, (max-width: 1199px) 64vw, 770px\" \/><\/figure>\n\n\n\n<p class=\"wp-block-paragraph\" style=\"font-size:22px\"><strong>Die Ausstellung bietet eine einzigartige M\u00f6glichkeit, Koexistenz und ihre Herausforderungen aus der Sicht eines wilden Tieres zu erleben, das in einer vom Menschen geschaffenen Umgebung lebt und versucht, sich an diese anzupassen, sich nachts zu bewegen oder sich vor unseren Blicken zu verstecken.<\/strong><\/p>\n\n\n\n<p class=\"has-text-align-left has-text-color has-medium-font-size wp-block-paragraph\" style=\"color:#03a09b\"><\/p>\n\n\n\n<figure class=\"wp-block-image size-large is-resized\"><img loading=\"lazy\" decoding=\"async\" src=\"https:\/\/www.lifewolfalps.eu\/wp-content\/uploads\/2022\/10\/Export_253_AlbaDay02-00392-1024x115.png\" alt=\"\" class=\"wp-image-19188\" width=\"894\" height=\"100\" title=\"\" srcset=\"https:\/\/www.lifewolfalps.eu\/wp-content\/uploads\/2022\/10\/Export_253_AlbaDay02-00392-1024x115.png 1024w, https:\/\/www.lifewolfalps.eu\/wp-content\/uploads\/2022\/10\/Export_253_AlbaDay02-00392-300x34.png 300w, https:\/\/www.lifewolfalps.eu\/wp-content\/uploads\/2022\/10\/Export_253_AlbaDay02-00392-768x86.png 768w, https:\/\/www.lifewolfalps.eu\/wp-content\/uploads\/2022\/10\/Export_253_AlbaDay02-00392-1536x173.png 1536w, https:\/\/www.lifewolfalps.eu\/wp-content\/uploads\/2022\/10\/Export_253_AlbaDay02-00392-2048x230.png 2048w, https:\/\/www.lifewolfalps.eu\/wp-content\/uploads\/2022\/10\/Export_253_AlbaDay02-00392-640x72.png 640w, https:\/\/www.lifewolfalps.eu\/wp-content\/uploads\/2022\/10\/Export_253_AlbaDay02-00392-1200x135.png 1200w, https:\/\/www.lifewolfalps.eu\/wp-content\/uploads\/2022\/10\/Export_253_AlbaDay02-00392-1920x216.png 1920w\" sizes=\"auto, (max-width: 639px) 98vw, (max-width: 1199px) 64vw, 770px\" \/><\/figure>\n\n\n\n<p class=\"has-text-align-center wp-block-paragraph\"><\/p>\n\n\n\n<p class=\"has-text-color wp-block-paragraph\" style=\"color:#009da3;font-size:22px\"><strong>Wollen Sie mehr wissen?<\/strong><\/p>\n\n\n\n<p class=\"has-medium-font-size wp-block-paragraph\">Hier finden Sie mehr Information zur Biologie der W\u00f6lfe:<\/p>\n\n\n\n<p class=\"has-text-align-left has-medium-font-size wp-block-paragraph\"><a href=\"https:\/\/www.lifewolfalps.eu\/de\/il-lupo-sulle-alpi\/\" class=\"rank-math-link\">https:\/\/www.lifewolfalps.eu\/de\/il-lupo-sulle-alpi\/<\/a><\/p>\n\n\n\n<p class=\"has-text-align-left has-medium-font-size wp-block-paragraph\"><a aria-label=\" (opens in a new tab)\" href=\"https:\/\/www.lifewolfalps.eu\/de\/wolf-faqs\/\" target=\"_blank\" rel=\"noreferrer noopener\" class=\"rank-math-link\">H\u00e4ufig gestellte Fragen zum Wolf<\/a><\/p>\n\n\n\n<p class=\"has-medium-font-size wp-block-paragraph\">Hier finden Sie Informationen rund um Herdenschutzma\u00dfnahmen:<\/p>\n\n\n\n<p class=\"has-text-align-left has-medium-font-size wp-block-paragraph\"><a aria-label=\" (opens in a new tab)\" href=\"https:\/\/www.lifewolfalps.eu\/de\/handlungsbereiche\/prevenzione\/\" target=\"_blank\" rel=\"noreferrer noopener\" class=\"rank-math-link\">Was sind die Notfallteams im LIFE WolfAlps EU Projekt<\/a><a href=\"https:\/\/www.lifewolfalps.eu\/de\/handlungsbereiche\/prevenzione\/\" target=\"_blank\" aria-label=\" (opens in a new tab)\" rel=\"noreferrer noopener\" class=\"rank-math-link\">?<\/a><\/p>\n\n\n\n<p class=\"has-text-align-left has-medium-font-size wp-block-paragraph\"><a href=\"https:\/\/www.lifewolfalps.eu\/de\/category\/praevention-herdenschutz\/\" target=\"_blank\" aria-label=\" (opens in a new tab)\" rel=\"noreferrer noopener\" class=\"rank-math-link\">News<\/a><\/p>\n\n\n\n<p class=\"has-text-align-left has-medium-font-size wp-block-paragraph\">Hier finden Sie Informationen rund um Wolfsbegegnungen:<\/p>\n\n\n\n<p class=\"has-text-align-left has-medium-font-size wp-block-paragraph\"><a aria-label=\" (opens in a new tab)\" href=\"https:\/\/www.lifewolfalps.eu\/de\/ich-habe-einen-wolf-gesehen\/\" target=\"_blank\" rel=\"noreferrer noopener\" class=\"rank-math-link\">Ich habe einen Wolf gesehen<\/a><\/p>\n","protected":false},"excerpt":{"rendered":"<p>Eintauchen in die Welt des Wolfes um Koexistenz zu leben &#8222;Mit den Augen des Wolfes&#8220; ist eine immersive Ausstellung, die uns dank Video- und Audioeffekten einen Tag in den Alpen aus der Sicht eines jungen Wolfes erleben l\u00e4sst, der auf der Suche nach einem Territorium und einer Partnerin ist, mit der er ein neues Rudel [&hellip;]<\/p>\n","protected":false},"author":17,"featured_media":19171,"parent":0,"menu_order":0,"comment_status":"closed","ping_status":"closed","template":"","meta":{"_acf_changed":false,"footnotes":""},"class_list":["post-19779","page","type-page","status-publish","has-post-thumbnail","hentry"],"acf":[],"_links":{"self":[{"href":"https:\/\/www.lifewolfalps.eu\/de\/wp-json\/wp\/v2\/pages\/19779","targetHints":{"allow":["GET"]}}],"collection":[{"href":"https:\/\/www.lifewolfalps.eu\/de\/wp-json\/wp\/v2\/pages"}],"about":[{"href":"https:\/\/www.lifewolfalps.eu\/de\/wp-json\/wp\/v2\/types\/page"}],"author":[{"embeddable":true,"href":"https:\/\/www.lifewolfalps.eu\/de\/wp-json\/wp\/v2\/users\/17"}],"replies":[{"embeddable":true,"href":"https:\/\/www.lifewolfalps.eu\/de\/wp-json\/wp\/v2\/comments?post=19779"}],"version-history":[{"count":1,"href":"https:\/\/www.lifewolfalps.eu\/de\/wp-json\/wp\/v2\/pages\/19779\/revisions"}],"predecessor-version":[{"id":19780,"href":"https:\/\/www.lifewolfalps.eu\/de\/wp-json\/wp\/v2\/pages\/19779\/revisions\/19780"}],"wp:featuredmedia":[{"embeddable":true,"href":"https:\/\/www.lifewolfalps.eu\/de\/wp-json\/wp\/v2\/media\/19171"}],"wp:attachment":[{"href":"https:\/\/www.lifewolfalps.eu\/de\/wp-json\/wp\/v2\/media?parent=19779"}],"curies":[{"name":"wp","href":"https:\/\/api.w.org\/{rel}","templated":true}]}}

<p class="has-text-align-left has-text-color has-large-font-size wp-block-paragraph" style="color:#0aa399"><em><em>Eintauchen in die Welt des Wolfes um Koexistenz zu leben</em></em></p>



<p class="wp-block-paragraph" style="font-size:22px">&#8222;Mit den Augen des Wolfes&#8220; ist eine immersive Ausstellung, die uns dank Video- und Audioeffekten einen Tag in den Alpen aus der Sicht eines jungen Wolfes erleben lässt, der auf der Suche nach einem Territorium und einer Partnerin ist, mit der er ein neues Rudel gründen kann.</p>



<p class="wp-block-paragraph" style="font-size:22px"></p>



<figure class="wp-block-image size-large is-resized"><img loading="lazy" decoding="async" src="https://www.lifewolfalps.eu/wp-content/uploads/2022/10/1080x320-1024x303.jpg" alt="" class="wp-image-19178" width="892" height="263" title="" srcset="https://www.lifewolfalps.eu/wp-content/uploads/2022/10/1080x320-1024x303.jpg 1024w, https://www.lifewolfalps.eu/wp-content/uploads/2022/10/1080x320-300x89.jpg 300w, https://www.lifewolfalps.eu/wp-content/uploads/2022/10/1080x320-640x190.jpg 640w, https://www.lifewolfalps.eu/wp-content/uploads/2022/10/1080x320.jpg 1080w" sizes="auto, (max-width: 639px) 98vw, (max-width: 1199px) 64vw, 770px" /></figure>



<p class="wp-block-paragraph" style="font-size:22px"><strong>Dank immersiver Technologie und eines sensorischen Ansatzes </strong>können Besucher:innen der Ausstellung in die Welt des jungen Wolfes eintauchen. Es geht in die Berge, durch den Wald, Bäche und Wiesen, durch Dörfer und über Straßen &#8211; die Welt aus der Sicht des Wolfes.</p>



<figure class="wp-block-image size-large is-resized"><img loading="lazy" decoding="async" src="https://www.lifewolfalps.eu/wp-content/uploads/2022/10/Export_319_BoscoPreLupo-03735-1024x115.png" alt="" class="wp-image-19183" width="890" height="99" title="" srcset="https://www.lifewolfalps.eu/wp-content/uploads/2022/10/Export_319_BoscoPreLupo-03735-1024x115.png 1024w, https://www.lifewolfalps.eu/wp-content/uploads/2022/10/Export_319_BoscoPreLupo-03735-300x34.png 300w, https://www.lifewolfalps.eu/wp-content/uploads/2022/10/Export_319_BoscoPreLupo-03735-768x86.png 768w, https://www.lifewolfalps.eu/wp-content/uploads/2022/10/Export_319_BoscoPreLupo-03735-1536x173.png 1536w, https://www.lifewolfalps.eu/wp-content/uploads/2022/10/Export_319_BoscoPreLupo-03735-2048x230.png 2048w, https://www.lifewolfalps.eu/wp-content/uploads/2022/10/Export_319_BoscoPreLupo-03735-640x72.png 640w, https://www.lifewolfalps.eu/wp-content/uploads/2022/10/Export_319_BoscoPreLupo-03735-1200x135.png 1200w, https://www.lifewolfalps.eu/wp-content/uploads/2022/10/Export_319_BoscoPreLupo-03735-1920x216.png 1920w" sizes="auto, (max-width: 639px) 98vw, (max-width: 1199px) 64vw, 770px" /></figure>



<figure class="wp-block-image size-large"><img loading="lazy" decoding="async" width="1024" height="115" src="https://www.lifewolfalps.eu/wp-content/uploads/2022/10/Export_158_BeveFiume-00462-1024x115.png" alt="" class="wp-image-19193" title="" srcset="https://www.lifewolfalps.eu/wp-content/uploads/2022/10/Export_158_BeveFiume-00462-1024x115.png 1024w, https://www.lifewolfalps.eu/wp-content/uploads/2022/10/Export_158_BeveFiume-00462-300x34.png 300w, https://www.lifewolfalps.eu/wp-content/uploads/2022/10/Export_158_BeveFiume-00462-768x86.png 768w, https://www.lifewolfalps.eu/wp-content/uploads/2022/10/Export_158_BeveFiume-00462-1536x173.png 1536w, https://www.lifewolfalps.eu/wp-content/uploads/2022/10/Export_158_BeveFiume-00462-2048x230.png 2048w, https://www.lifewolfalps.eu/wp-content/uploads/2022/10/Export_158_BeveFiume-00462-640x72.png 640w, https://www.lifewolfalps.eu/wp-content/uploads/2022/10/Export_158_BeveFiume-00462-1200x135.png 1200w, https://www.lifewolfalps.eu/wp-content/uploads/2022/10/Export_158_BeveFiume-00462-1920x216.png 1920w" sizes="auto, (max-width: 639px) 98vw, (max-width: 1199px) 64vw, 770px" /></figure>



<figure class="wp-block-image size-large is-resized"><img loading="lazy" decoding="async" src="https://www.lifewolfalps.eu/wp-content/uploads/2022/10/Export_602_Muse-1024x115.png" alt="" class="wp-image-19200" width="892" height="100" title="" srcset="https://www.lifewolfalps.eu/wp-content/uploads/2022/10/Export_602_Muse-1024x115.png 1024w, https://www.lifewolfalps.eu/wp-content/uploads/2022/10/Export_602_Muse-300x34.png 300w, https://www.lifewolfalps.eu/wp-content/uploads/2022/10/Export_602_Muse-768x86.png 768w, https://www.lifewolfalps.eu/wp-content/uploads/2022/10/Export_602_Muse-1536x173.png 1536w, https://www.lifewolfalps.eu/wp-content/uploads/2022/10/Export_602_Muse-2048x230.png 2048w, https://www.lifewolfalps.eu/wp-content/uploads/2022/10/Export_602_Muse-640x72.png 640w, https://www.lifewolfalps.eu/wp-content/uploads/2022/10/Export_602_Muse-1200x135.png 1200w, https://www.lifewolfalps.eu/wp-content/uploads/2022/10/Export_602_Muse-1920x216.png 1920w" sizes="auto, (max-width: 639px) 98vw, (max-width: 1199px) 64vw, 770px" /></figure>



<p class="wp-block-paragraph" style="font-size:22px"><strong>Die Ausstellung bietet eine einzigartige Möglichkeit, Koexistenz und ihre Herausforderungen aus der Sicht eines wilden Tieres zu erleben, das in einer vom Menschen geschaffenen Umgebung lebt und versucht, sich an diese anzupassen, sich nachts zu bewegen oder sich vor unseren Blicken zu verstecken.</strong></p>



<p class="has-text-align-left has-text-color has-medium-font-size wp-block-paragraph" style="color:#03a09b"></p>



<figure class="wp-block-image size-large is-resized"><img loading="lazy" decoding="async" src="https://www.lifewolfalps.eu/wp-content/uploads/2022/10/Export_253_AlbaDay02-00392-1024x115.png" alt="" class="wp-image-19188" width="894" height="100" title="" srcset="https://www.lifewolfalps.eu/wp-content/uploads/2022/10/Export_253_AlbaDay02-00392-1024x115.png 1024w, https://www.lifewolfalps.eu/wp-content/uploads/2022/10/Export_253_AlbaDay02-00392-300x34.png 300w, https://www.lifewolfalps.eu/wp-content/uploads/2022/10/Export_253_AlbaDay02-00392-768x86.png 768w, https://www.lifewolfalps.eu/wp-content/uploads/2022/10/Export_253_AlbaDay02-00392-1536x173.png 1536w, https://www.lifewolfalps.eu/wp-content/uploads/2022/10/Export_253_AlbaDay02-00392-2048x230.png 2048w, https://www.lifewolfalps.eu/wp-content/uploads/2022/10/Export_253_AlbaDay02-00392-640x72.png 640w, https://www.lifewolfalps.eu/wp-content/uploads/2022/10/Export_253_AlbaDay02-00392-1200x135.png 1200w, https://www.lifewolfalps.eu/wp-content/uploads/2022/10/Export_253_AlbaDay02-00392-1920x216.png 1920w" sizes="auto, (max-width: 639px) 98vw, (max-width: 1199px) 64vw, 770px" /></figure>



<p class="has-text-align-center wp-block-paragraph"></p>



<p class="has-text-color wp-block-paragraph" style="color:#009da3;font-size:22px"><strong>Wollen Sie mehr wissen?</strong></p>



<p class="has-medium-font-size wp-block-paragraph">Hier finden Sie mehr Information zur Biologie der Wölfe:</p>



<p class="has-text-align-left has-medium-font-size wp-block-paragraph"><a href="https://www.lifewolfalps.eu/de/il-lupo-sulle-alpi/" class="rank-math-link">https://www.lifewolfalps.eu/de/il-lupo-sulle-alpi/</a></p>



<p class="has-text-align-left has-medium-font-size wp-block-paragraph"><a aria-label=" (opens in a new tab)" href="https://www.lifewolfalps.eu/de/wolf-faqs/" target="_blank" rel="noreferrer noopener" class="rank-math-link">Häufig gestellte Fragen zum Wolf</a></p>



<p class="has-medium-font-size wp-block-paragraph">Hier finden Sie Informationen rund um Herdenschutzmaßnahmen:</p>



<p class="has-text-align-left has-medium-font-size wp-block-paragraph"><a aria-label=" (opens in a new tab)" href="https://www.lifewolfalps.eu/de/handlungsbereiche/prevenzione/" target="_blank" rel="noreferrer noopener" class="rank-math-link">Was sind die Notfallteams im LIFE WolfAlps EU Projekt</a><a href="https://www.lifewolfalps.eu/de/handlungsbereiche/prevenzione/" target="_blank" aria-label=" (opens in a new tab)" rel="noreferrer noopener" class="rank-math-link">?</a></p>



<p class="has-text-align-left has-medium-font-size wp-block-paragraph"><a href="https://www.lifewolfalps.eu/de/category/praevention-herdenschutz/" target="_blank" aria-label=" (opens in a new tab)" rel="noreferrer noopener" class="rank-math-link">News</a></p>



<p class="has-text-align-left has-medium-font-size wp-block-paragraph">Hier finden Sie Informationen rund um Wolfsbegegnungen:</p>



<p class="has-text-align-left has-medium-font-size wp-block-paragraph"><a aria-label=" (opens in a new tab)" href="https://www.lifewolfalps.eu/de/ich-habe-einen-wolf-gesehen/" target="_blank" rel="noreferrer noopener" class="rank-math-link">Ich habe einen Wolf gesehen</a></p>

<p>Eintauchen in die Welt des Wolfes um Koexistenz zu leben &#8222;Mit den Augen des Wolfes&#8220; ist eine immersive Ausstellung, die uns dank Video- und Audioeffekten einen Tag in den Alpen aus der Sicht eines jungen Wolfes erleben lässt, der auf der Suche nach einem Territorium und einer Partnerin ist, mit der er ein neues Rudel [&hellip;]</p>
